 digit of c?
9
Suppose -22 = -6*q + 818. Suppose 5*j + 10*k = 5*k - 505, -3*j - 2*k = 305. Let l = q + j. What is the tens digit of l?
3
Let k(n) = 192*n**2 + 23*n + 2. Let t be k(8). Suppose 5*b = 32*b - t. What is the tens digit of b?
6
Suppose -169188 - 76030 = -13*z - 24985. What is the ten thousands digit of z?
1
Suppose -i - 4*k + 9291 = 0, -30*i + 46434 = -25*i - k. What is the units digit of i?
7
Suppose 0 = -6*t + 3041 + 181. Suppose 0 = -5*c + t + 1553. What is the hundreds digit of c?
4
Let n(r) = -31*r - 114. Let v be n(-4). What is the hundreds digit of (4156/v)/((-66)/(-165))?
0
What is the units digit of -6 + -1 - ((50/5)/(-2) - 11590)?
8
Let g(y) = -2*y**2 + 178*y + 2. Suppose 0 = -3*n - 3*q + 9, -4*q + 10 - 22 = -4*n. What is the units digit of g(n)?
8
Let j = 2473 - 943. What is the units digit of j?
0
Let h(f) = 17*f**2 + 5*f + 77. Suppose 0 = 3*j + 3*a + 36, -4*j + 2*a = 7*a + 53. What is the units digit of h(j)?
5
What is the tens digit of -9*(-11)/(-264) - 101255/(-40)?
3
Suppose 45 = 5*h - 4*d - d, 3*d + 5 = h. Let k be (-18 - 3)*(3 + h/(-3)). Suppose 2 = -3*p + k. What is the units digit of p?
4
Suppose 0 = 30*d - 25*d + 5. Let l be -253 - ((-4)/2 - (-3 - d)). Let f = -103 - l. What is the hundreds digit of f?
1
What is the thousands digit of 11960 + -1 + (-11 - -25)?
1
Suppose 2*q - 17804 = 3*b + 12292, 0 = 4*q - 4*b - 60204. What is the ten thousands digit of q?
1
Let l = -35 - -33. What is the hundreds digit of -251*(-1)/((l/2)/(-1))?
2
Let d(r) = 577*r - 311. What is the tens digit of d(2)?
4
Let h = 17 + 22. Let u = 43 - h. What is the units digit of (-17)/(0/((-12)/u) - 1)?
7
Suppose -3*t - 12 = -2*k + t, -3*k = -2*t - 10. Suppose 0 = 5*z - 4*y - 103, 0 = -k*z + 3*z + 3*y - 13. What is the units digit of 0 + z*2/1?
8
Let x = 83 - 80. Suppose -7 = -x*i + 170. Suppose -3*g + 76 + i = c, -2*g - 8 = 0. What is the units digit of c?
7
Let k(a) = 4*a**3 - 5*a**2 + 4*a + 4. Let q be k(4). Suppose -4*n = 4*g - 144, 0 = 5*n - 2*g - g - q. Suppose 2*f - 94 = n. What is the units digit of f?
6
Suppose -488 = -4*d - 484. What is the units digit of d - ((-3864)/7 - 2)?
5
Suppose 1094 = -g + 2*n, -3*g + 7*n - 11*n = 3332. What is the tens digit of g/(-9)*(-162)/(-36)?
5
Suppose -4*y = 5*b - 24970 - 10455, y = -5. What is the thousands digit of b?
7
Suppose 0 = -3929*s + 3918*s + 995995. What is the units digit of s?
5
Suppose 5*s + 50 = 48*c - 47*c, -s - 3*c + 6 = 0. What is the tens digit of (2 - 1*-1796) + (-4 - s)?
0
Let o(r) = 3*r + 11. Let s(u) = -7*u - 23. Let t(k) = -10*o(k) - 4*s(k). Let c be t(-9). What is the units digit of (4*-31 + c)*(-3)/6?
2
Let p(a) = -2*a**3 - 9*a**2 + 4*a - 29. Let q(v) = 10*v + 11. Let o be q(-2). What is the tens digit of p(o)?
6
Suppose 44*x - 47368 = 36*x. What is the tens digit of x?
2
Suppose 14*s + 9167 = 4*s + 84547. What is the thousands digit of s?
7
Let k(b) = b**2 + 8*b + 20. Let d be k(-9). Suppose -d = -j + 2*j + 5*r, 5*j + 5*r + 45 = 0. What is the units digit of 83/(12/j + 4)?
3
Let j be 1 + (-4 - (-3 + -2)). Suppose 0 = p + 1, -4*m = -0*p - j*p - 994. Suppose -5*f = -2*f + 2*g - 238, 4*g - m = -3*f. What is the tens digit of f?
7
Let h be (-7)/((-42)/4)*(-423)/(-3). Let i = -46 + h. Let c = i + 15. What is the units digit of c?
3
Suppose -3*o - 5*j + 5989 = 0, -2*j + 4921 = -4*o + 12863. Suppose -40*b + o = -33*b. What is the units digit of (b/6)/((-3)/(-9))?
2
Suppose 3*o = -0*o - 2*v - 36, v - 27 = 3*o. What is the units digit of (-4)/o*(-77770)/(-44)?
7
Let i = 1740 + -501. What is the thousands digit of i?
1
Suppose -3*n - f + 515 = 3*f, -2*f = -4*n + 694. Let w = 266 - n. Suppose 0 = 5*s - 82 - w. What is the tens digit of s?
3
Let a(t) = t**3 + 7*t**2 + 10*t - 1. Let y be a(-3). Suppose q - 25*z - 666 = -30*z, -3185 = -y*q + 4*z. What is the tens digit of q?
4
Let x = -33 - -16. Let c = -18 - x. What is the units digit of c + (1 + 2)*(-52)/(-3)?
1
Suppose -38*u + 42*u - 48 = 0. What is the units digit of (81 + -5)*u/(-16)*-3?
1
Let w(s) be the first derivative of 7*s**2 - 41*s - 4. Suppose 0 = 13*k - 6*k - 147. What is the units digit of w(k)?
3
Suppose s - 3*s = -1068. Suppose 910 = 30*x + 160. Suppose 5*w + l - s = -x, -2*w + 4*l = -186. What is the units digit of w?
1
Let r(a) = -33*a - 110. Let i be r(-5). What is the tens digit of (46 + i)*(3 + 2)?
0
What is the thousands digit of ((-1 - (-47917)/(-3)) + 3)*(-8 - -5)?
7
Let m(p) = -75*p**3 + 25*p**2 + 93*p - 165. What is the hundreds digit of m(-8)?
0
Let d(z) = -22156*z**3 - 3*z**2 + 290*z + 292. What is the ten thousands digit of d(-1)?
2
What is the hundreds digit of 2510 + 10 + 0/3 + (0 - -2)?
5
Suppose -9693 - 13172 = -d + 8*f, d + 5*f = 22787. What is the hundreds digit of d?
8
Suppose 3*q - 4*g - 580 = 0, -29 = -2*q - 2*g + 339. Let d = q + -82. What is the tens digit of d?
0
Suppose 2*h = 5*g - 32, -4*g + 19 = -0*h + 5*h. Let n be (22/g - -1)/((-6)/(-9)). Suppose -188 = -n*c - 20. What is the tens digit of c?
2
Let f = 76 - 29. Suppose 13 = -k + 2*o, 5*k = o + 3*o - f. Let t(y) = y**2 + 3*y + 23. What is the tens digit of t(k)?
5
Let g be (-3 - 0) + (9 - 2). Let w be 2/g + (-1532)/24*3. What is the units digit of w/(-2) - (-3 - (-12)/8)?
7
Let m = 216 - 248. What is the tens digit of 64/3*(-120)/m?
8
Suppose -5*v + 76 = -l + 2*l, 5*l + v = 476. Let q = -94 - -49. Let r = q + l. What is the units digit of r?
1
Let c = -720 - -796. Suppose -s + 189 = a + 2*a, 5*s - 907 = 4*a. Let u = s - c. What is the hundreds digit of u?
1
Let u(w) = 79*w - 70. Let g be u(29). Let a = -1542 + g. What is the tens digit of a?
7
Let w be 2*277 - 66/33. Let d = 841 - w. What is the units digit of d?
9
Let q(t) = -36*t**3 - 70*t**2 + 7*t + 57. What is the thousands digit of q(-8)?
3
Let r(o) = 7 + 43*o**2 - 9*o - 5*o**2 + 13 + 3 - 13*o**2. What is the tens digit of r(3)?
2
Let p(u) = -u**3 + 60*u**2 + 211*u - 105. What is the units digit of p(61)?
5
Suppose -3*r + 114393 = 2*h, 0 = -5*r - 16*h + 14*h + 190647. What is the units digit of r?
7
Let a(m) = 65*m**3 - 28*m**2 + 122*m - 11. What is the units digit of a(4)?
9
Let v(l) = l**3 + 4*l**2 - 2*l - 5. Let b be v(-4). What is the units digit of (54/(-45))/(b/(-40))?
6
Let p(m) be the first derivative of m**4/4 + 5*m**3/3 - 5*m + 7. Let i be p(-4). What is the units digit of i/(((-1)/5)/((-11)/5))?
1
Let g(c) = 4*c**2 - 10*c. Let y(n) = n**2 + 1. Let v(x) = -g(x) + 3*y(x). Let w be v(7). What is the units digit of 35/(-2)*w/(-12)?
5
What is the units digit of 18/(20/20) + 21531?
9
Let t = 917 - -139. Suppose 3*c = -c - x + t, 4*c + 4*x - 1068 = 0. What is the hundreds digit of c?
2
Suppose -4*d + 4287 = -6*u + 11*u, -3*d - 2*u + 3224 = 0. What is the thousands digit of d?
1
Let c be (-1)/3 + 39776/96. Let f = -756 + 538. Let y = c + f. What is the hundreds digit of y?
1
Let a(z) = 29*z + 1. Let m be a(3). Suppose 76*c + 6*c = -1312. Let w = m + c. What is the units digit of w?
2
Let g(w) = 2*w**3 - 5*w**2 - 12*w + 18. Let h be g(10). Suppose -3*s - 2*n = -445 - h, -s + 636 = 5*n. What is the units digit of s?
1
Suppose 196*f = 246*f - 704800. What is the units digit of f?
6
Let o(q) = -q**3 - 4*q**2 - 3*q. Let m be o(-3). Suppose -d - 14 = -m*d - 4*c, -75 = 3*d - c. Let g = -22 - d. What is the units digit of g?
4
Let c be (-18)/(-351)*3 - 386/(-26). What is the units digit of (-25)/(-2)*3*(3 + c)?
5
Let t be (-6 - (-39)/9)*(-18)/5. Suppose -t*j + 22 = 10. What is the units digit of 6/10 + 0 - j/(-5)?
1
Let q = -59 - -63. What is the units digit of -4 - (-5676)/16 - 3/q?
0
Let t(o) = -o - 4. Let i be t(-8). Suppose 0 = c - 0*c - i*f - 80, -c = 5*f - 35. Let a = c - -67. What is the hundreds digit of a?
1
Let y = -12659 - -21384. What is the thousands digit of y?
8
Let y = 3411 - -1746. What is the units digit of y?
7
Suppose -12181 = 35*l - 121276. What is the hundreds digit of l?
1
Suppose -2*l = -4*f - l + 16, 4*l + 4 = 4*f. Suppose f*t = -2*m - 25, m = -m - t - 5. Suppose m = 2*x - 5*i - 181, 5 = -2*i + 15. What is the tens digit of x?
0
Suppose -6378 = -2*a + 1832. Suppose -21*q = -3140 - a. What is the tens digit of q?
4
Suppose 0 = -46*x + 19*x + 26*x + 14238. What is the hundreds digit of x?
2
Let b = -172 + 336. Suppose -1171 = -6*a + 215. Let g = a - b. What is the u